{"id":1247,"date":"2023-05-01T18:06:09","date_gmt":"2023-05-01T18:06:09","guid":{"rendered":"https:\/\/spezialholzerei-schauli.ch\/cms\/?page_id=1247"},"modified":"2026-04-13T08:11:20","modified_gmt":"2026-04-13T08:11:20","slug":"holzschnitzelservice","status":"publish","type":"page","link":"https:\/\/spezialholzerei-schauli.ch\/cms\/holzschnitzelservice\/","title":{"rendered":"Holzschnitzelservice"},"content":{"rendered":"\t\t<div data-elementor-type=\"wp-page\" data-elementor-id=\"1247\" class=\"elementor elementor-1247\" data-elementor-post-type=\"page\">\n\t\t\t\t\t\t<section class=\"elementor-section elementor-top-section elementor-element elementor-element-6e4c5f7 elementor-section-boxed elementor-section-height-default elementor-section-height-default\" data-id=\"6e4c5f7\" data-element_type=\"section\" data-e-type=\"section\">\n\t\t\t\t\t\t<div class=\"elementor-container elementor-column-gap-default\">\n\t\t\t\t\t<div class=\"elementor-column elementor-col-100 elementor-top-column elementor-element elementor-element-49bbfff\" data-id=\"49bbfff\" data-element_type=\"column\" data-e-type=\"column\">\n\t\t\t<div class=\"elementor-widget-wrap elementor-element-populated\">\n\t\t\t\t\t\t<div class=\"elementor-element elementor-element-a15a9df elementor-widget elementor-widget-text-editor\" data-id=\"a15a9df\" data-element_type=\"widget\" data-e-type=\"widget\" data-widget_type=\"text-editor.default\">\n\t\t\t\t<div class=\"elementor-widget-container\">\n\t\t\t\t\t\t\t\t\t<p>Wir bedienen kleine wie grosse Schnitzelheizungen in der Umgebung. Durch die grosse Lagerhalle, in der wir 3000 m3 Holzschnitzel trocken lagern k\u00f6nnen, verhindern wir Engp\u00e4sse auch im k\u00e4ltesten Winter!<\/p><p>Wir f\u00fchren trockene Holzschnitzel, 1.Kl., welche auch f\u00fcr Holzschnitzelheizungen genutzt werden k\u00f6nnen. Sie werden aber auch in anderen Bereichen eingesetzt, wie zum Beispiel in G\u00e4rten oder Wegen.<\/p><p><strong>Lieferservice<\/strong><\/p><p>Die im freien gelagerten Holzschnitzel, 2.Kl., sind in vielen Bereichen einsetzbar. Oft f\u00fcr die Unkrautbek\u00e4mpfung in G\u00e4rten, f\u00fcr Fusswege, in Vita Parcours als weicher Untergrund und vieles mehr. Mehrheitlich f\u00fcr unsere Privatkunden gibt es die Holzschnitzel in zwei Gr\u00f6ssen schon abgepackt. Diese sind in unserem \u00abVerkaufsh\u00fcttli\u00bb erh\u00e4ltlich.<\/p><p><strong>Lieferung ab CHF 50,- \/ abh\u00e4ngig von der Distanz<\/strong><\/p>\t\t\t\t\t\t\t\t<\/div>\n\t\t\t\t<\/div>\n\t\t\t\t<div class=\"elementor-element elementor-element-b185d2d premium-table-dir-ltr elementor-widget elementor-widget-premium-tables-addon\" data-id=\"b185d2d\" data-element_type=\"widget\" data-e-type=\"widget\" data-widget_type=\"premium-tables-addon.default\">\n\t\t\t\t<div class=\"elementor-widget-container\">\n\t\t\t\t\t\r\n\t\t<div class=\"premium-table-wrap\">\r\n\t\t\t\r\n\t\t\t<table class=\"premium-table\" data-settings=\"{&quot;sort&quot;:false,&quot;usNumbers&quot;:false,&quot;sortMob&quot;:false,&quot;search&quot;:false,&quot;records&quot;:false,&quot;dataType&quot;:&quot;custom&quot;,&quot;csvFile&quot;:null,&quot;firstRow&quot;:null,&quot;separator&quot;:null,&quot;pagination&quot;:&quot;&quot;,&quot;rows&quot;:0}\" >\r\n\r\n\t\t\t\r\n\t\t<thead class=\"premium-table-head\">\r\n\r\n\t\t\t<tr class=\"premium-table-row\">\r\n\r\n\t\t\t\t<th class=\"premium-table-cell elementor-repeater-item-285174b\"><span class=\"premium-table-text\">Menge<\/span><\/th><th class=\"premium-table-cell elementor-repeater-item-d84971a\"><span class=\"premium-table-text\">Preis in CHF<\/span><\/th>\r\n\t\t\t<\/tr>\r\n\r\n\t\t<\/thead>\r\n\r\n\t\t\t\t<tbody class=\"premium-table-body\">\r\n\t\t\t\t\t\t<tr class=\"premium-table-row elementor-repeater-item-474bf35\"><td class=\"premium-table-cell elementor-repeater-item-398882c\"><span class=\"premium-table-text\">Schnitzelsack gross (ca. 180 Liter)<\/span><\/td><td class=\"premium-table-cell elementor-repeater-item-6bda8e7\"><span class=\"premium-table-text\">16.00<\/span><\/td><\/tr><tr class=\"premium-table-row elementor-repeater-item-9708ffc\"><td class=\"premium-table-cell elementor-repeater-item-3b23148\"><span class=\"premium-table-text\">Schnitzelsack klein<\/span><\/td><td class=\"premium-table-cell elementor-repeater-item-c0d5d3d\"><span class=\"premium-table-text\">10.00<\/span><\/td><\/tr><tr class=\"premium-table-row elementor-repeater-item-8c1151c\"><td class=\"premium-table-cell elementor-repeater-item-b2b73ac\"><span class=\"premium-table-text\">1 Kubikmeter Schnitzel 1. Klasse<\/span><\/td><td class=\"premium-table-cell elementor-repeater-item-449e3c5\"><span class=\"premium-table-text\">44.00<\/span><\/td><\/tr><tr class=\"premium-table-row elementor-repeater-item-fb2a31a\"><td class=\"premium-table-cell elementor-repeater-item-55b44b3\"><span class=\"premium-table-text\">1 Kubikmeter Schnitzel 2. Klasse<\/span><\/td><td class=\"premium-table-cell elementor-repeater-item-546d055\"><span class=\"premium-table-text\">22.00<\/span><\/td><\/tr><tr class=\"premium-table-row elementor-repeater-item-a231bdc\"><td class=\"premium-table-cell elementor-repeater-item-99eacf6\"><span class=\"premium-table-text\">Schnitzel liefern<\/span><\/td><td class=\"premium-table-cell elementor-repeater-item-e245578\"><span class=\"premium-table-text\">100.00<\/span><\/td>\t\t\t<\/tr>\r\n\t\t<\/tbody>\r\n\r\n\t\t\r\n\t\t\t<\/table>\r\n\t\t<\/div>\r\n\t\t\t\t\t\t<\/div>\n\t\t\t\t<\/div>\n\t\t\t\t<div class=\"elementor-element elementor-element-8ae6d60 elementor-align-left elementor-invisible elementor-widget elementor-widget-button\" data-id=\"8ae6d60\" data-element_type=\"widget\" data-e-type=\"widget\" data-settings=\"{&quot;_animation&quot;:&quot;zoomIn&quot;,&quot;_animation_delay&quot;:500}\" data-widget_type=\"button.default\">\n\t\t\t\t<div class=\"elementor-widget-container\">\n\t\t\t\t\t\t\t\t\t<div class=\"elementor-button-wrapper\">\n\t\t\t\t\t<a class=\"elementor-button elementor-button-link elementor-size-sm elementor-animation-grow\" href=\"https:\/\/spezialholzerei-schauli.ch\/cms\/kontakt\/\">\n\t\t\t\t\t\t<span class=\"elementor-button-content-wrapper\">\n\t\t\t\t\t\t\t\t\t<span class=\"elementor-button-text\">Anfrage senden<\/span>\n\t\t\t\t\t<\/span>\n\t\t\t\t\t<\/a>\n\t\t\t\t<\/div>\n\t\t\t\t\t\t\t\t<\/div>\n\t\t\t\t<\/div>\n\t\t\t\t\t<\/div>\n\t\t<\/div>\n\t\t\t\t\t<\/div>\n\t\t<\/section>\n\t\t\t\t<\/div>\n\t\t","protected":false},"excerpt":{"rendered":"<p>Wir bedienen kleine wie grosse Schnitzelheizungen in der Umgebung. Durch die grosse Lagerhalle, in der wir 3000 m3 Holzschnitzel trocken lagern k\u00f6nnen, verhindern wir Engp\u00e4sse auch im k\u00e4ltesten Winter! Wir f\u00fchren trockene Holzschnitzel, 1.Kl., welche auch f\u00fcr Holzschnitzelheizungen genutzt werden k\u00f6nnen. Sie werden aber auch in anderen Bereichen eingesetzt, wie zum Beispiel in G\u00e4rten oder [&hellip;]<\/p>\n","protected":false},"author":1,"featured_media":0,"parent":0,"menu_order":0,"comment_status":"closed","ping_status":"closed","template":"","meta":{"footnotes":""},"class_list":["post-1247","page","type-page","status-publish","hentry"],"_links":{"self":[{"href":"https:\/\/spezialholzerei-schauli.ch\/cms\/wp-json\/wp\/v2\/pages\/1247","targetHints":{"allow":["GET"]}}],"collection":[{"href":"https:\/\/spezialholzerei-schauli.ch\/cms\/wp-json\/wp\/v2\/pages"}],"about":[{"href":"https:\/\/spezialholzerei-schauli.ch\/cms\/wp-json\/wp\/v2\/types\/page"}],"author":[{"embeddable":true,"href":"https:\/\/spezialholzerei-schauli.ch\/cms\/wp-json\/wp\/v2\/users\/1"}],"replies":[{"embeddable":true,"href":"https:\/\/spezialholzerei-schauli.ch\/cms\/wp-json\/wp\/v2\/comments?post=1247"}],"version-history":[{"count":3,"href":"https:\/\/spezialholzerei-schauli.ch\/cms\/wp-json\/wp\/v2\/pages\/1247\/revisions"}],"predecessor-version":[{"id":3123,"href":"https:\/\/spezialholzerei-schauli.ch\/cms\/wp-json\/wp\/v2\/pages\/1247\/revisions\/3123"}],"wp:attachment":[{"href":"https:\/\/spezialholzerei-schauli.ch\/cms\/wp-json\/wp\/v2\/media?parent=1247"}],"curies":[{"name":"wp","href":"https:\/\/api.w.org\/{rel}","templated":true}]}}